i) = d*w(i) + 5*s(i). Determine b(1).
-11
Let u(s) = -10*s + 9. Let y(m) = 5*m + 52. Let i be y(-10). Calculate u(i).
-11
Let f(w) = w**2 + 2. Let j(a) = -a**3 + 2*a - 2. Let o(v) = v + 4. Let t be o(-3). Let z(s) = t*f(s) + j(s). Suppose 5*i = -7 - 3. Calculate z(i).
8
Let m be ((21/(-2))/(-7))/((-9)/732). Let r = -126 - m. Let v(p) = -p**3 - 4*p**2 - p - 2. Give v(r).
2
Let b(r) = 6 - r**3 + r**2 - 2654*r - 2649*r + 5304*r. Suppose 5*l + 15 = 2*l, p - 5*l - 25 = 0. Determine b(p).
6
Let i(u) be the third derivative of 2/15*u**5 + 96*u**2 + 0 + 2/3*u**3 + 0*u + 1/120*u**6 + 3/8*u**4. Give i(-7).
-10
Suppose -3*i - 8*q + 4*q - 22 = 0, -4*q + 20 = -4*i. Let n(d) = d - 12. Let v be n(i). Let m be (15/12)/(v/(-8) - 2). Let y(p) = 3*p + 1. Determine y(m).
16
Let j(q) = q**2 - 2*q + 1. Suppose 9*o + 35 = -1. Give j(o).
25
Let h(x) = -8*x + 311. Let t be h(0). Let b = t + -306. Let d(o) = -o**2 + 6*o - 4. Let y(k) = -k**2 + 6*k - 3. Let m(r) = 5*d(r) - 6*y(r). Calculate m(b).
-7
Let g be (4/3)/(48/108). Suppose d + 2 = -g*t - 2, -2*t = -4*d - 16. Let p(w) = t - 2*w**2 - 14*w**3 - 19*w - 1 + 3*w**2 + 18*w. Calculate p(-1).
15
Let v(u) = 2*u**2 - 3*u - 98. Let p(n) = -6*n**2 + 8*n + 294. Let s(d) = -3*p(d) - 8*v(d). Let z(m) be the first derivative of s(m). Determine z(1).
4
Let w(y) be the first derivative of -65 + y - y**2 + 2/3*y**3 - 15/4*y**4. Calculate w(1).
-14
Let f(i) be the second derivative of i**5/20 + i**4/6 + 2*i**3/3 + 3*i**2/2 + 84381*i - 1. Suppose 5*d + 17 - 2 = 0. Give f(d).
-18
Let f(m) = -9*m + 3. Let y(c) = 17*c - 6. Let z(v) = -5*f(v) - 3*y(v). Let t(j) = j**3 + 16*j**2 + 15*j + 2. Let b = 6 - 21. Let l be t(b). Give z(l).
-9
Let l(m) be the second derivative of 114*m + 0 + 1/12*m**4 + 3/2*m**3 - 15/2*m**2. Calculate l(-11).
7
Let c(d) = d**2 + 8*d - 1. Let n(u) = -37*u + 252. Let h be n(7). What is c(h)?
-8
Let s be (-9)/2*(-11)/66*4. Let m(d) = 9*d + 5 - 19*d + s*d - 4. What is m(1)?
-6
Suppose 0 = 4*m + 22 - 26. Let f = -105 - -108. Let y(o) = -1 + o**3 - o**3 + 5*o**f. Determine y(m).
4
Let h(s) = -s**2 - 23*s + 18. Suppose 0 = -23*i - 96 - 365 - 45. Calculate h(i).
40
Suppose 4 = -2*n - 2*n. Let u(i) = 37*i - 12. Let w(b) = 203*b - 65. Let d(a) = 27*u(a) - 5*w(a). Determine d(n).
17
Let s(p) = 2*p - 4*p - 4 + 6*p**2 - 5 - 7*p**2. Let i be 11*(-5)/(-5) - 11. Give s(i).
-9
Suppose s - 5 = -q, -4*s - 3*q = -0*q - 21. Let b be 10/(-4)*(3 + 81/(-15)). Let r(i) = -b*i - 134 + i**2 + 258 - 131. Give r(s).
-7
Suppose -14*j + 9*j - 25 = 0, 4*r + j = 3. Let o(u) = -6 - 68*u - 51*u - 4*u**2 + 3*u**r + 128*u. Give o(6).
12
Let l(t) be the third derivative of -t**6/120 + t**5/20 + t**4/12 + 5*t**3/6 - t**2. Suppose 0 = -17*g + 5*g + 960. Let y = -76 + g. Determine l(y).
-3
Let o(r) = -r**2 - 7*r - 9. Suppose -7*g + 12 = -23. Suppose 5*l = 3*b + 41, 4*l = -4*b + b - g. What is o(b)?
-9
Suppose -27 = -5*u + 2*d, -22*d + 25*d + 21 = u. Let m(y) = 3*y**2 - 3*y - 4. Let t be m(3). Let n(r) = 11 - 7*r + u - t + 1. Give n(-1).
8
Let t = 329 + -324. Let c(d) = -4*d**3 + 6*d**2 - 3*d - 3. Let u(q) = -3*q**3 + 4*q**2 - 3*q - 3. Let g(b) = t*u(b) - 4*c(b). Calculate g(5).
7
Let q(j) = 16*j - 220. Let c be q(14). Let h(t) = -2*t + c*t - 9 + 5 + t. Determine h(4).
8
Suppose 0 = -2*h - 11*h - h - 56. Let o(p) = 4*p + 27. Determine o(h).
11
Let r(x) = x - 5. Let f(i) = -16*i + 48. Let a be f(5). Let z = 24 + a. Calculate r(z).
-13
Let c(d) = -d**3 + 8*d**2 - 8*d - 3. Let p(q) = -q**3 - 4*q**2 + 22*q + 6. Let z be p(0). Give c(z).
21
Let n(x) = x + 3. Suppose 2*z = 3*k - 31, 3*k + 3*z = 6*k - 36. Let u(r) = 23*r - 166. Let s be u(k). Calculate n(s).
-2
Let t be (2/(-4))/((-1)/(-60)). Let i be (17/(-6))/((5/1)/t). Suppose -2*d = -i + 35. Let o(v) = -v**2 - 9*v - 12. Give o(d).
-12
Let q(p) be the second derivative of p**5/20 + p**4/6 - 16*p**3/3 + 5*p**2 - 1182*p + 1. What is q(-7)?
-11
Let l = -2880 + 2859. Let t(c) = -c - 20. What is t(l)?
1
Let u(r) = r**3 + 3*r**2 - 8*r - 12. Let y be 54/(-42)*-7 - (3 + 9). Determine u(y).
12
Let k(o) = o**3 - 8*o**2 - o - 6. Let p(y) = y**2 + 1. Let a(b) = -k(b) - 5*p(b). Suppose 2573 = 29*j - 18278. Let u = j + -716. Determine a(u).
4
Suppose 0 = 4*d - 402 - 202. Suppose -7*k + 73 = -d. Suppose k = 6*o - 4. Let j(g) = -g**2 + 4*g + 3. Calculate j(o).
-9
Let r(w) = -40*w**3 - 7*w**2 + 5*w + 18. Let q(f) = -27*f**3 - 8*f**2 + 6*f + 18. Let k(b) = -3*q(b) + 2*r(b). Calculate k(-11).
-51
Let d(i) be the first derivative of -19*i**4/4 + 4*i**3/3 - 3*i**2/2 + 2*i + 8673. Calculate d(2).
-140
Let q(l) = -4*l**2 - 6681*l**3 - 2*l**2 + 6682*l**3 - 10*l - 12. What is q(8)?
36
Let y(j) = -j - 1. Let t(x) = 3*x + 15. Let q(n) = -t(n) - 5*y(n). Let d be q(4). Let f(s) be the second derivative of s**3 + s**2 + 13*s. Calculate f(d).
-10
Let t(l) = 44*l**2 + l - 3. Let a(c) = 219*c**2 - 33*c - 11. Let u(k) = a(k) - 5*t(k). Give u(-37).
41
Let a(x) be the second derivative of -1/6*x**3 - 1/12*x**4 + 16*x + 5*x**2 + 0. What is a(0)?
10
Let l(c) = c**3 - 10*c**2 - 23*c + 133. Let i be l(11). Let b be (0 + -8)*(-3)/12. Let v(z) = 5*z**3 - 2*z**3 - 4*z**3 - b*z + 1. Give v(i).
-2
Let t(p) = -3*p + 14. Let u be -1 + 8 + (-7 - -3) - -3. Let j be t(u). Let s(m) = -m. Determine s(j).
4
Let g(s) = 12 + 9 - 6 + s. Suppose u + 3 - 11 = -2*n, 4*n = 2*u. Let h(a) = -a**2 - 5*a + 24. Let q be h(u). What is g(q)?
3
Let x(r) be the first derivative of -r**2/2 - 10*r - 1024. Determine x(11).
-21
Let m be 0/(1*-6 + 3). Let w(c) = -c**3 + 3*c**2 - 1. Let a be w(2). Let h(q) = 6 + 12*q**3 - q + 11*q**3 - 22*q**a - q**2. Calculate h(m).
6
Let n(w) = -w**2 + 6*w + 4. Suppose -u - 5*u = -126. Suppose 0 = 4*g - 9*g + b - 12, -4*g - u = 3*b. Let k be (2*g/12)/(1/(-12)). What is n(k)?
4
Let k(y) = -4*y**3 + 50*y**2 - 42*y - 30. Let j(z) = -z**3 + 15*z**2 - 13*z - 10. Let p(b) = -10*j(b) + 3*k(b). Calculate p(-2).
18
Suppose 0 = -147*u + 128*u + 779. Suppose 0 = -u*g + 39*g + 14. Let i(a) = a**3 - 6*a**2 - 6*a - 4. Give i(g).
3
Let m(u) be the third derivative of -u**6/60 + u**5/30 - u**3/3 - 294*u**2. Calculate m(2).
-10
Suppose 45 = -3*r - 10*p + 15*p, -3*p = 2*r - 8. Let y(z) = -z**2 - 17*z - 73. Determine y(r).
-13
Let l(u) be the third derivative of -u**6/120 - u**5/60 + u**4/24 - u**3/6 - 2*u**2. Let w be (-4)/(-6) + (-25 - (-13 + -34))/(-6). Calculate l(w).
14
Let j(l) = 5 - 3 - 2*l + 5*l**3 + 4*l - 3*l**2 + 0. Let g(t) = 4*t**3 - 3*t**2 + 2*t + 1. Let b be (1 + -4)*8/(-6). Let x(o) = b*g(o) - 3*j(o). Give x(2).
-2
Suppose 0 = -21*a + 118 + 50. Let r(p) = -7*p**2 + 52 - 104 - 9*p + 59 + p**3. Calculate r(a).
-1
Let d(v) = -37*v**2 + 66*v + 19. Let h(j) = -13*j**2 + 22*j + 6. Let n(y) = -6*d(y) + 17*h(y). What is n(21)?
-33
Suppose -54 = -26*d + 223 + 61. Let i(l) = 6*l - 94. What is i(d)?
-16
Let b be 12 - (35 - (46 - 32)). Let k(p) = p + 13. Let d(r) = -r - 26. Let h(l) = 2*d(l) + 5*k(l). Determine h(b).
-14
Let p(h) = -h**3 - 6 - 3 - 5*h**2 + 11. Let x be p(-5). Let b(s) = 6*s**2 + x + s**3 - 10*s + 6*s - 5*s. Determine b(-7).
16
Suppose 3*o + 3 = 0, -4*x + 4*o + 4 = -24. Let r(q) = 101*q - q**3 - 5*q**2 - 1 + x*q**2 - 100*q. Suppose 8 = 2*h + 2*d, 3*d + 2 = -2*h + 12. Determine r(h).
-3
Let k be ((-4 - -1)/3)/(-2 - -3). Let n be 8*(-1 - ((-27)/6 + k)). Let i be 26/(-10) - n/90. Let g(f) = 5*f + 4. What is g(i)?
-11
Let d(g) = 95*g - 45. Let f(w) = -118*w + 44. Let y(k) = 5*d(k) + 4*f(k). Give y(6).
-31
Let u(z) = -z**3 - 3*z**2 + 2*z - 16. Let r be (12 - -3)*(-1)/3. Let n be u(r). Let t(i) = n*i + 0 - 28*i - 2. Calculate t(5).
-22
Let c(l) = 6*l + 45. Suppose 137 = -14*f + 11. Let z(r) = 3*r + 22. Let w(u) = f*z(u) + 4*c(u). Determine w(-6).
0
Let y(p) = -p**2 + 1822 - 903 - 15*p - 912. What is y(-11)?
51
Let w(d) be the second derivative of 1/6*d**3 + 27/2*d**2 + 0 - 32*d + 1/60*d**5 - 1/24*d**4. Let a(r) be the first derivative of w(r). Calculate a(1).
1
Let o(x) = -1 + 2 + 0 + x. Suppose 0 = 8*d - d - 21. Let s(q) = -2*q - 1. Let y be s(d). Calculate o(y).
-6
Let y(g) = g + 3. Let i(r) = -r**2 + 14*r + 13. Let f(j) = -i(j) + 3*y(j). Let d be (1 - (-4 + 4))/((-2)/(-22)). Calculate f(d).
-4
Let b(m) = 2*m**2 + 8*m + 5. Let p(z) = 2*z**2 + 7*z + 4. Let s = 11 - 8. Let x(r) = s*b(r) - 2*p(r). Give x(-5).
7
Suppose -y - 17 = -0*y - 3*z, 0 = -y 